o = w + 172. What is the remainder when 58 is divided by o?
28
Let i(c) = -c**3 + 26*c**2 + 19*c - 63. Let f be i(26). Let t = f - 162. Calculate the remainder when t is divided by 45.
44
Let p(a) = -a**3 + 2*a**2 + 3*a + 2. Let c be p(-1). Suppose -38 - 16 = c*k. Let n = 40 + k. What is the remainder when 23 is divided by n?
10
Suppose 2*f + i = 206, 5*f - i + 2*i - 509 = 0. Calculate the remainder when f is divided by (34 + -31)*14/6.
3
Calculate the remainder when 4 is divided by (4 + 38/(-8))/((-18)/72).
1
Let c = 625 - -307. Let w = -3452 + c. What is the remainder when 4/10 - w/75 is divided by 7?
6
Let x(m) = m**3 + 13*m**2 + 18*m - 3. What is the remainder when 268 is divided by x(-11)?
22
Let g be 2 + 88/12 - (-2)/(-6). Suppose -2*k + g*k = 567. What is the remainder when k is divided by 12?
9
Suppose 6*m + 15 - 57 = 0. Suppose 2*j + 140 = m*j. Let s = 38 - -72. Calculate the remainder when s is divided by j.
26
Let b be (-27 + 45)*(-7)/(-3). Suppose -384 = -18*z - b. Suppose 4*u = 4*a - a - 213, 3*a + 4*u = 237. Calculate the remainder when a is divided by z.
18
Let n = -25251 - -28445. Calculate the remainder when n is divided by 160.
154
Let x be 3*-15*(-7)/9. Let n = 44 - x. Suppose -696 = -4*z - 4*z. What is the remainder when z is divided by n?
6
Let u = -1942 - -2087. What is the remainder when u is divided by 18?
1
Suppose -5*l - 5 = 0, -4*l - l = -3*o + 809. What is the remainder when o is divided by 20?
8
Let t = -893 + 965. Calculate the remainder when 149 is divided by t.
5
Suppose -679 = 15*t + 3746. Let l = 306 + t. What is the remainder when 71 is divided by l?
5
Suppose w - 2308 = -2*b - b, -5*w - 2*b + 11475 = 0. Calculate the remainder when w is divided by 46.
39
Let x(w) = -w**2 + w - 1. Let a(n) = n**3 + 12*n**2 + 2*n + 33. Let t(s) = -a(s) - 4*x(s). Calculate the remainder when t(-8) is divided by -1 - -2 - (0 - 6).
5
Suppose -48*v - 20 = -52*v. Suppose -4*o + v*o - 3*y = 32, o - 2*y = 33. What is the remainder when o is divided by 6?
5
Suppose 7 = p + 3*z, -9 = -3*p + 2*z + 12. Suppose p*m + 54 = -51. Calculate the remainder when 187 is divided by (-228)/m*45/18.
35
Let n(d) = -34*d + 92. Let i be n(5). Let u = -58 - i. Calculate the remainder when 76 is divided by u.
16
Suppose 0*c + 10 = -2*c, -4*c - 62 = -2*l. Calculate the remainder when ((-4)/(-6) - 0)/((-10)/(-555)) is divided by l.
16
Let j = -320 - -677. Let x = j - 191. Calculate the remainder when x is divided by 10.
6
Suppose 3*j = 1910*b - 1911*b + 265, 40 = -5*j. What is the remainder when 579 is divided by b?
1
Let k(y) = -318*y + 1649. What is the remainder when 1650 is divided by k(5)?
57
Suppose -5*r = 4*s - 57, s - 4*r + 4 = -s. Suppose -s*z + 520 = 40. Suppose 189 + 24 = 4*a - 5*c, c = -a + z. What is the remainder when a is divided by 29?
28
Suppose 0 = 264*x - 263*x - 479. Let r = x + -300. What is the remainder when r is divided by 46?
41
Suppose 3*o = -4*o + 56. Suppose 3*y - o*p = -3*p + 271, 2*p = -10. Let x = -2 - -23. What is the remainder when y is divided by x?
19
Let u(h) = 60 - 22 - 16 + 6*h. Let v = 22 - -12. Calculate the remainder when v is divided by u(0).
12
Let v = 12332 - 11953. Calculate the remainder when 764 is divided by v.
6
Let q be (-7 + 12)*1/5. Let k be q/((-4)/(-12)) + 2. Let i(o) = 6*o + 49. Calculate the remainder when i(k) is divided by 28.
23
Calculate the remainder when 625 is divided by ((-1245)/(-270) - 3)*18.
16
Let k(z) = z**3 + 11*z**2 + 3*z - 1. Calculate the remainder when k(-7) is divided by 41 - ((-780)/(-135) + 1/9*2).
34
Let s = -13 + 29. Let j(v) = -v**2 + 294*v + 3415. Calculate the remainder when j(-11) is divided by s.
12
Suppose -4*x - 15 = 5*i, 4*i = 4*x + 5*i + 19. Let j(p) = -p**3 - p**2 + 17*p + 4. What is the remainder when 33 is divided by j(x)?
14
Suppose -1217*n = -1197*n - 9740. What is the remainder when n is divided by 143?
58
Let u(x) = -x**2 + 13*x + 55. Suppose 0 = -8*j + 105 - 9. What is the remainder when 333 is divided by u(j)?
65
Let k(s) = -52*s + 163*s - 14 + 13 - 19. Let y be k(3). Suppose 0 = -6*g + 71 + y. What is the remainder when g is divided by 13?
12
Let t(r) = 152*r - 1. Let n = 3469 - 3416. Calculate the remainder when t(1) is divided by n.
45
Calculate the remainder when 677 is divided by 2/(-5) - -44*(-304)/(-40).
9
Let d be ((-6)/(-22))/(4/44). Suppose -8*m - d = -83. Calculate the remainder when 38 is divided by m.
8
Let j = -3133 - -3182. What is the remainder when j is divided by 30?
19
Let l = 2053 - 1902. What is the remainder when 493 is divided by l?
40
Let r be -2*((-21)/4)/((-3)/18). Let y be (r/(-2))/((-33)/44). Let n = y + 47. What is the remainder when 7 is divided by n?
2
Let h = 8450 + -7936. What is the remainder when h is divided by 147?
73
Let s(q) = 11 - 6*q - 5*q**3 - 8*q + 4*q**3 + 17*q**2. What is the remainder when s(16) is divided by 11?
10
Suppose -4*a + 47 = s - 3, -5*s = -2*a + 36. Let k be ((-39)/(-12) - -1)*-8. Calculate the remainder when (-3 - -4) + 2 - k is divided by a.
11
Suppose 0*y = 14*y. Suppose y = 5*w - 20, -4*n = -2*n - 3*w - 1186. Calculate the remainder when n is divided by 14.
11
Let b(u) = -20*u**2 + u**3 + 53*u + 24 - 53*u + 0*u**2. Calculate the remainder when b(20) is divided by 3.
0
Let r = -48877 - -49200. Calculate the remainder when r is divided by 9.
8
Let b(z) = -3*z. Let l = 725 + -1039. Let y = 325 + l. What is the remainder when b(-7) is divided by y?
10
Let o(j) = 51*j - 2943. Calculate the remainder when 1286 is divided by o(58).
11
Let r be 3/(-21) - (-1832)/(-14). Let m = -97 - r. What is the remainder when 203 is divided by m?
33
Suppose -221 = -2*j + 3*w - 39, 0 = j + 4*w - 113. Suppose -23 + 127 = 5*n + 2*c, 5*n + 5*c = 110. What is the remainder when j is divided by n?
17
Let c(t) = -t**3 + 13*t**2 + 21. Suppose -312*l + 318*l - 498 = 0. What is the remainder when c(12) is divided by l?
82
What is the remainder when (-16)/(-22) + (-8705466)/(-2662) is divided by 121?
4
Let h = -4356 + 4622. What is the remainder when h is divided by 191?
75
What is the remainder when ((1 - 1)/8)/(-2 - -1) - -2072 is divided by 683?
23
Let d(b) = -22*b - 123. Let v be d(-11). Suppose 33*n - v = 26*n. Calculate the remainder when 118 is divided by n.
16
Let z = 38 + -34. Let a be ((-10)/z)/(9/126). Let p = 133 + a. What is the remainder when p is divided by 33?
32
Suppose 3*d - 1937 = -386. Suppose 56*k = -58*k - 17*k + 1048. What is the remainder when d is divided by k?
5
Let w(l) = -27*l**3 + 14*l**2 + 26*l + 16. What is the remainder when w(-3) is divided by 99?
1
Let q(i) = -3*i**2 + 72 + 77 - 174 + 2*i**2 - 19*i. Let b be 116/(-10) - 2/5. Calculate the remainder when q(b) is divided by 20.
19
Let p(n) = -38*n**2 + 5*n - 7. Let c be p(3). Let z = -286 - c. Calculate the remainder when z is divided by 21.
6
Let q = 56 + -28. Let c = q + 17. Suppose 0 = 4*t + t - 60. Calculate the remainder when c is divided by t.
9
Let u = 165 + -155. Let b = -802 + 841. What is the remainder when b is divided by u?
9
Suppose -2*t + 88 = -2*h, -25*t - 5*h = -28*t + 122. What is the remainder when t is divided by 10?
9
Let u(j) = -j**3 + 5*j**2 - 8*j + 8. Let v be u(6). Let m(q) = -4*q + 117. Let b be m(29). Calculate the remainder when (-1)/(12/v)*b*3 is divided by 10.
9
Let w be 5/(-2) - (-2 - (-49)/14). Calculate the remainder when 43 is divided by 0 + 5 - w/(-4).
3
Let w(j) be the first derivative of -27*j**2/2 + 19*j + 9. Calculate the remainder when w(-5) is divided by (-7)/21 - (-118)/12*4.
37
Let k be 1 + -7 + 3718/(-8 + -3). Let j(g) = 22*g - 10. Let v be j(-9). Let q = v - k. Calculate the remainder when q is divided by 36.
28
Suppose 0 = 371*p - 420*p + 2744. What is the remainder when 675 is divided by p?
3
Let b = 75 + -174. Let o = -69 - b. Suppose -2*k + 0*k + 234 = 0. Calculate the remainder when k is divided by o.
27
Suppose -63*u + 37*u = -46*u + 4360. Calculate the remainder when 1526 is divided by u.
0
Suppose 402*f = 379*f + 414. What is the remainder when 183 is divided by f?
3
Calculate the remainder when 238 is divided by 105*-12*5/(-210).
28
Let h = -33 - -43. Let q = 16 - h. Let b = -254 - -270. Calculate the remainder when b is divided by q.
4
Let h(k) = 22*k**2 + 7*k - 4. Suppose 0 = 3*g + 5 - 53. Cal